Is 1594 a multiple of 11?
False
Is 3090 a multiple of 10?
True
Is 1716 a multiple of 52?
True
Does 35 divide 4130?
True
Is 58 a factor of 66?
False
Is 1391 a multiple of 15?
False
Is 5 a factor of 410?
True
Does 156 divide 26549?
False
Is 23 a factor of 2553?
True
Does 21 divide 521?
False
Does 3 divide 458?
False
Is 37 a factor of 1888?
False
Is 121 a factor of 8490?
False
Does 8 divide 16184?
True
Is 30 a factor of 74700?
True
Is 74 a multiple of 9?
False
Is 268 a multiple of 5?
False
Is 1129 a multiple of 12?
False
Is 20 a factor of 320?
True
Is 50 a factor of 2300?
True
Is 629 a multiple of 12?
False
Is 761 a multiple of 31?
False
Is 1398 a multiple of 6?
True
Does 46 divide 1610?
True
Does 122 divide 629?
False
Is 3298 a multiple of 75?
False
Is 75 a factor of 225?
True
Is 19188 a multiple of 53?
False
Is 9 a factor of 351?
True
Does 48 divide 3508?
False
Does 258 divide 16242?
False
Does 13 divide 657?
False
Is 52 a factor of 10164?
False
Is 11 a factor of 264?
True
Is 8 a factor of 26754?
False
Does 28 divide 560?
True
Is 69 a factor of 869?
False
Is 1856 a multiple of 16?
True
Does 3 divide 75?
True
Is 9 a factor of 1278?
True
Is 9 a factor of 171?
True
Does 23 divide 14858?
True
Does 28 divide 3238?
False
Does 14 divide 324?
False
Does 88 divide 17248?
True
Is 1406 a multiple of 26?
False
Is 10 a factor of 5605?
False
Does 146 divide 24363?
False
Is 40780 a multiple of 26?
False
Does 101 divide 37976?
True
Is 15408 a multiple of 18?
True
Does 8 divide 20324?
False
Does 7 divide 182?
True
Is 55 a factor of 2044?
False
Is 3 a factor of 916?
False
Is 468 a multiple of 4?
True
Does 64 divide 1344?
True
Is 2408 a multiple of 43?
True
Does 8 divide 34?
False
Does 40 divide 4960?
True
Is 3 a factor of 418?
False
Is 18 a factor of 22415?
False
Does 7 divide 365?
False
Is 2115 a multiple of 45?
True
Is 420 a multiple of 30?
True
Does 73 divide 11469?
False
Does 4 divide 725?
False
Does 5 divide 535?
True
Does 26 divide 13839?
False
Is 556 a multiple of 63?
False
Is 7853 a multiple of 149?
False
Is 8 a factor of 467?
False
Is 52 a factor of 1144?
True
Is 64 a factor of 5824?
True
Does 9 divide 396?
True
Does 8 divide 15054?
False
Does 7 divide 89?
False
Is 16 a factor of 2332?
False
Is 6 a factor of 2532?
True
Does 31 divide 10330?
False
Is 11943 a multiple of 10?
False
Does 15 divide 9165?
True
Is 10478 a multiple of 10?
False
Does 22 divide 1738?
True
Is 48 a factor of 905?
False
Does 19 divide 340?
False
Is 103 a multiple of 7?
False
Does 12 divide 159963?
False
Is 14 a factor of 16821?
False
Does 19 divide 2356?
True
Does 120 divide 27240?
True
Does 44 divide 2068?
True
Is 16 a factor of 60602?
False
Is 9 a factor of 6572?
False
Does 8 divide 29472?
True
Is 9891 a multiple of 19?
False
Is 16 a factor of 5552?
True
Is 8052 a multiple of 25?
False
Is 4 a factor of 165?
False
Does 60 divide 2400?
True
Is 8017 a multiple of 29?
False
Is 1045 a multiple of 34?
False
Is 3 a factor of 270?
True
Is 120 a factor of 17921?
False
Is 37996 a multiple of 161?
True
Does 70 divide 2800?
True
Does 7 divide 14655?
False
Is 2 a factor of 162?
True
Does 8 divide 348?
False
Does 27 divide 4955?
False
Does 201 divide 84973?
False
Is 212 a factor of 35404?
True
Does 49 divide 3724?
True
Is 73 a factor of 957?
False
Does 18 divide 4180?
False
Does 13 divide 750?
False
Is 5 a factor of 1601?
False
Is 34 a factor of 34?
True
Is 28 a factor of 19933?
False
Is 20154 a multiple of 7?
False
Is 1957 a multiple of 19?
True
Does 67 divide 737?
True
Does 8 divide 3859?
False
Is 144 a factor of 14815?
False
Is 132 a multiple of 4?
True
Is 62 a factor of 3906?
True
Is 4 a factor of 194?
False
Does 11 divide 55252?
False
Is 9729 a multiple of 207?
True
Is 42 a multiple of 16?
False
Does 2 divide 93?
False
Does 45 divide 3267?
False
Does 43 divide 344?
True
Is 2 a factor of 140?
True
Is 50529 a multiple of 21?
False
Is 14 a factor of 5712?
True
Does 13 divide 26?
True
Is 530 a multiple of 53?
True
Is 1981 a multiple of 6?
False
Is 3380 a multiple of 13?
True
Does 37 divide 6105?
True
Is 8 a factor of 15624?
True
Is 103 a factor of 1617?
False
Is 11 a factor of 2575?
False
Is 35 a factor of 2584?
False
Is 4 a factor of 71?
False
Does 64 divide 640?
True
Is 21 a factor of 63?
True
Does 54 divide 864?
True
Does 71 divide 1016?
False
Is 32237 a multiple of 16?
False
Is 196 a factor of 19404?
True
Is 16492 a multiple of 31?
True
Does 105 divide 2453?
False
Is 11 a factor of 77?
True
Is 4400 a multiple of 37?
False
Does 12 divide 830?
False
Is 2101 a multiple of 103?
False
Is 15288 a multiple of 182?
True
Is 6572 a multiple of 20?
False
Does 44 divide 9179?
False
Does 24 divide 11664?
True
Does 57 divide 633?
False
Does 241 divide 20282?
False
Is 35 a factor of 621?
False
Does 13 divide 7722?
True
Is 52 a factor of 11751?
False
Is 5752 a multiple of 14?
False
Does 30 divide 13639?
False
Is 57895 a multiple of 43?
False
Is 49 a factor of 49?
True
Is 14576 a multiple of 16?
True
Is 20 a factor of 3026?
False
Does 6 divide 255?
False
Is 7 a factor of 4802?
True
Does 5 divide 1180?
True
Is 39 a factor of 728?
False
Is 360 a multiple of 18?
True
Does 26 divide 10043?
False
Is 6 a factor of 179?
False
Does 12 divide 4252?
False
Does 31 divide 45154?
False
Is 40 a factor of 31640?
True
Is 13 a factor of 3367?
True
Is 553 a multiple of 7?
True
Is 29 a factor of 1076?
False
Is 97 a factor of 45202?
True
Is 33 a factor of 762?
False
Does 12 divide 240?
True
Is 976 a multiple of 33?
False
Is 161 a factor of 10626?
True
Is 362 even?
True
Does 4 divide 1785?
False
Is 968 a multiple of 11?
True
Does 32 divide 896?
True
Is 63 a multiple of 21?
True
Is 9072 a multiple of 5?
False
Is 1376 a multiple of 86?
True
Is 295 a factor of 19759?
False
Is 39134 a multiple of 17?
True
Is 62 a factor of 15786?
False
Is 5 a factor of 6225?
True
Is 10 a factor of 8250?
True
Is 52 a factor of 18096?
True
Is 31 a factor of 1100?
False
Does 188 divide 22372?
True
Does 13 divide 1196?
True
Does 76 divide 228?
True
Is 35 a factor of 2450?
True
Does 11 divide 740?
False
Does 31 divide 6041?
False
Is 14 a multiple of 14?
True
Is 61 a factor of 305?
True
Is 4 a factor of 1472?
True
Is 14 a factor of 2590?
True
Does 3 divide 178?
False
Does 32 divide 370?
False
Is 26 a factor of 333?
False
Is 2790 a multiple of 9?
True
Is 920 a multiple of 39?
False
Does 31 divide 14383?
False
Does 181 divide 32037?
True
Is 13 a factor of 2067?
True
Is 4750 a multiple of 25?
True
Does 8 divide 2744?
True
Is 716 a multiple of 20?
False
Does 26 divide 501?
False
Does 10 divide 307?
False
Is 115 a factor of 12305?
True
Is 42 a factor of 7954?
False
Is 52 a factor of 39200?
False
Is 28554 a multiple of 18?
False
Is 1216 a multiple of 64?
True
Is 27 a factor of 5697?
True
Does 5 divide 1115?
True
Is 2 a factor of 6218?
True
Is 113 a factor of 1017?
True
Is 11 a factor of 6871?
False
Is 49980 a multiple of 17?
True
Is 13129 a multiple of 19?
True
Is 5 a factor of 3780?
True
Does 68 divide 2069?
False
Is 480 a multiple of 12?
True
Is 223 a factor of 50175?
True
Does 24 divide 4464?
True
Is 2604 a multiple of 186?
True
Is 76314 a multiple of 21?
True
Does 40 divide 80?
True
Is 2085 a multiple of 10?
False
Is 14 a factor of 786?
False
Is 6 a factor of 9195?
False
Does 150 divide 28800?
True
Is 735 a multiple of 5?
True
Is 17 a factor of 1923?
False
Is 28 a factor of 6664?
True
Is 102 a factor of 4794?
True
Does 6 divide 47?
False
Is 37 a factor of 995?
False
Is 2924 a multiple of 68?
True
Is 5727 a multiple of 14?
False
Does 10 divide 39859?
False
Is 2580 a multiple of 2?
True
Is 8074 a multiple of 22?
True
Is 542 a multiple of 74?
False
Is 12 a factor of 125909?
False
Does 3 divide 105?
True
Is 900 a multiple of 60?
True
Is 95 a factor of 68916?
False
Is 811 a multiple of 17?
False
Is 1950 a multiple of 30?
True
Is 1117 a multiple of 27?
False
Is 2340 a multiple of 6?
True
Is 38 a factor of 266?
True
Is 86 a factor of 1176?
False
Is 8 a factor of 5448?
True
Is 19 a factor of 81795?
True
Does 9 divide 193?
False
Does 20 divide 4719?
False
Is 292 a factor of 74752?
True
Is 14 a factor of 478?
False
Is 182 a multiple of 26?
True
Does 41 divide 689?
False
Is 16 a factor of 739?
False
Does 22 divide 1782?
True
Does 65 divide 19500?
True
Is 30 a f